e prime factors of b(p).
2, 5, 17
Let k = 43 + -66. List the prime factors of k/(-1) + (-6 - -4).
3, 7
Suppose 3*v - 85 = -490. Let q = 205 + v. What are the prime factors of q?
2, 5, 7
Let c = -44 + 42. What are the prime factors of (-172)/(3 - (c - -7))?
2, 43
Suppose -187*j = -189*j + 24. What are the prime factors of j - 9/(-12)*4?
3, 5
Suppose -g = -3*f - 122 + 664, -5*f + 2*g = -903. What are the prime factors of f?
181
Suppose 11*k = 8*k - 789. Let m = 376 + k. Let o = m - 68. List the prime factors of o.
3, 5
Let s(n) = n**2 + n - 14. Let j be s(-8). Let b = 20 + j. Let g = 0 + b. List the prime factors of g.
2, 31
Let r be -3*20/15 - -8. Suppose -43 = 3*g - r*g. List the prime factors of g.
43
Let c(o) = -o**3 - 7*o**2 - 7*o. Let a = -20 + 14. Let q be c(a). Suppose 5*w + 150 = 5*u, 0 = -u - q*w + w + 12. What are the prime factors of u?
3
Suppose -2*d + 4 = -d. Suppose 0 = -d*l - 11 - 45. Let o = 3 - l. What are the prime factors of o?
17
Suppose b = -3*i + 945, 4*i - i + 3780 = 4*b. List the prime factors of b.
3, 5, 7
Let z be (0 + -1)*-6 + 3. Suppose 3 = 3*b - z. Suppose 3*m + 3 = 3*y, -m + b = -5*y + 21. List the prime factors of y.
2
Let c be 7 - 1 - (-4 + 6). Suppose 10*n - 5*n - f - 15 = 0, 2*n - 6 = 3*f. Suppose -47 = n*g - c*g. What are the prime factors of g?
47
Let h be 16812/63 + 18/(-21). Let r = h + -82. List the prime factors of r.
2, 23
Let l be -8 - -5 - (-18)/(-3). Let c = 14 - l. What are the prime factors of c?
23
Let o(u) = -264*u - 91. What are the prime factors of o(-7)?
7, 251
What are the prime factors of 14/(-7) + -1264*(-3)/2?
2, 947
Suppose -2*x + 7 = -11. Let w(h) = 22*h + 65. What are the prime factors of w(x)?
263
Let p = 5 + -5. Suppose p = -3*o + 3*m + 297, m + 7 - 112 = -o. What are the prime factors of o?
2, 3, 17
List the prime factors of (4/(-3))/(-9 - (-46002)/5112).
2, 71
Suppose 9*w - 34 = 29. Suppose -a + 2 = 0, -45 + 15 = -2*p + 5*a. Let k = p - w. What are the prime factors of k?
13
Let x(w) = 6*w - 2. Let o be x(1). Let g(l) = -25*l - 8. Let n be g(o). Let q = 151 + n. What are the prime factors of q?
43
Suppose 30*i - 33*i = -5*b + 6271, 5*i + 1241 = b. List the prime factors of b.
2, 157
Let l = -15 - -18. Suppose -l*s + 200 = -s. What are the prime factors of s?
2, 5
What are the prime factors of 12198/(-749)*126/(-4)?
3, 19
What are the prime factors of 1/(2/3)*(-20)/(-6)?
5
Let n(k) = k**3 - 13*k**2 + 13*k - 2. Let d be n(12). Suppose 0 = 4*z - 82 - d. What are the prime factors of z?
23
Let o = -3 + 7. Let q(a) = -o*a**2 + 8 - 3*a**3 - 1 + 4*a**3 - 9*a. What are the prime factors of q(6)?
5
Suppose 24*w - 8*w = 9136. List the prime factors of w.
571
Suppose t + 2 = -5*d, 2*d = t + 2*t - 11. List the prime factors of t + (-51)/21 + (-34)/(-14).
3
Let o(g) = g**2 - 5*g + 4. Let b be o(3). Suppose -26 = 3*v - p, 4*v - 2*p = 3*v - 17. What are the prime factors of (-14)/v*(-6)/b?
2, 3
List the prime factors of (-4 + 1165/3)*(-2 + 5).
1153
Suppose -1 = -3*q + 8. Let w be ((-182)/6)/(-7)*q. What are the prime factors of w/(-78) - 79/(-6)?
13
Let t be 18*-2*((-40)/15)/4. List the prime factors of 6*(-6)/t*-74.
3, 37
Suppose 0 = -4*f + 4*g + 40, 5*g = 2*f - 20 - 0. Suppose -1112 - 218 = -f*h. What are the prime factors of h?
7, 19
Let d = -272 + 413. Suppose -7*g = -2*g - 4*b - 303, 2*g + 5*b = d. What are the prime factors of g?
3, 7
Let r = -18 - -25. Let b(u) = 8*u + r - 6*u - 5*u. What are the prime factors of b(-3)?
2
Let g = 270 + -119. What are the prime factors of g?
151
Suppose -37*s + 10104 + 38292 = 0. List the prime factors of s.
2, 3, 109
Suppose 2*x = 13 - 9. Suppose -5*s + 880 = 5*f, x*f = -4*s + 820 - 114. List the prime factors of s.
3, 59
Let y be (10/25)/((-2)/(-150)). Let f = y + -5. Suppose 4*a = 19 + f. What are the prime factors of a?
11
Suppose -72176 = -37*h - 2653. List the prime factors of h.
1879
Let g(f) = f**2 - 19*f - 50. Let r be g(23). List the prime factors of (28/r)/((-1)/(-234)).
2, 3, 13
Suppose -3*n + 90 = 27. Let z = 4 - 0. List the prime factors of z/6 - (-322)/n.
2
Let h(k) = -k + 377. What are the prime factors of h(0)?
13, 29
Suppose -5*x - 1 = 24, -j + 22 = 3*x. List the prime factors of j.
37
Let m be 14/35 - (-303)/5. Suppose -m - 107 = -4*w. What are the prime factors of w?
2, 3, 7
Suppose 3*q - 11 - 4 = 0. Suppose -q*k + 3*v = 18, -k + 0*k - 5*v = -2. Let x(t) = t**3 + 8*t**2 + 3*t + 3. List the prime factors of x(k).
3, 13
What are the prime factors of (-4 - (-40)/6)*3525/20?
2, 5, 47
Let d(m) = -6*m + 5. Let r(y) = y**2 - 3*y + 3. Let n be r(3). Let c be d(n). Let l = c - -17. List the prime factors of l.
2
Suppose 356*o - 365*o = -216. List the prime factors of o.
2, 3
Suppose -9*s + 7*s = -270. Let b = s + -87. List the prime factors of b.
2, 3
Let h = -90 + 94. Suppose 2*l - 506 = -5*m, -h*m = 3*l - 2*l - 259. What are the prime factors of l?
3
Let j(o) = -o**3 + 6*o**2 - 5*o - 3. Let h be j(5). Let l(v) = 2*v**2 + v. Let t be l(h). List the prime factors of ((-36)/t)/(2/(-15)).
2, 3
Let y(o) = -o**3 + 4*o**2 - 2*o - 3. Let x be y(3). Suppose x*h - 120 = -3*h. List the prime factors of ((-2)/(-4))/(4/h).
5
Let h(f) = 4*f**3 - 41*f**2 + 9*f - 12. List the prime factors of h(11).
2, 3, 5
Let r(l) = 33*l - 20. Let o be r(6). Let f = 122 - o. What are the prime factors of (-2)/(-8) + (-3010)/f?
2, 3
Let a(o) = -o**2 - 2*o + 3533. What are the prime factors of a(0)?
3533
What are the prime factors of (357 + -4 + 9)/2?
181
List the prime factors of 11/(-2)*100*2/(-4).
5, 11
Let f(p) = 5*p - 3. Let c be 0 - 0 - (-12 - 3). Let i be f(c). List the prime factors of ((-21)/2)/((-27)/i).
2, 7
Suppose -4*n + 4244 = -4*l, -4*l = -n - 0*l + 1073. List the prime factors of n.
7, 151
Let n be 1 - 8 - ((-3)/3 + 3). What are the prime factors of 102/4*(-42)/n?
7, 17
Let p = 2431 + 909. What are the prime factors of p?
2, 5, 167
Let a be (-9)/(-2)*(-100)/(-15). Let m be 3/(-2) + 1095/a. Suppose -k + h + 2*h + 41 = 0, k + 3*h = m. List the prime factors of k.
2, 19
Let k = 135 + -91. Suppose -610 = -6*h + k. List the prime factors of h.
109
Suppose 0*m = -3*i - 5*m - 15, -3*m - 9 = 4*i. Suppose n + 2*c - 15 = i, -4*n - 3*c - 65 = -6*n. What are the prime factors of n?
5
Let l = 18 - 18. Suppose -3*o + i - 36 = -2*i, l = 2*o - 4*i + 32. List the prime factors of -1 + 4 + 9 + o.
2
Let t be (-2 + 3)/(2/6). Let l be t/(2 + 0 + -1). Suppose 0 = -3*g - 6 - l, -a - 3*g = 1. What are the prime factors of a?
2
Suppose 4*s = 3*q - 1274, 3*s + 419 - 1 = q. What are the prime factors of q?
2, 5, 43
Let a be 16/(-24) + 160/6. What are the prime factors of 4/(-4 + 8) + a?
3
Let a(x) = 4*x**2 + x. Let n be a(-1). Suppose 4*w - n*p = 177, -5*p + 0*p = -4*w + 183. List the prime factors of w.
2, 3, 7
List the prime factors of 4*(-14)/((-14)/2) + 3000.
2, 47
Let l be 16/4*1 + -1. Suppose 18 = -y - 4*d - 53, l*y - 2*d = -157. Let s = y + 97. List the prime factors of s.
2, 3, 7
Let a be ((-1)/(-3))/((-7)/(-126)). Suppose 3*r = 6*r - a. Suppose w - r = -s, 4*s + 0 = -4. List the prime factors of w.
3
Let k = -20 + 38. Let j = k - -8. List the prime factors of j.
2, 13
Suppose -16*a = -500 - 12. List the prime factors of a.
2
Suppose l = j + 120, 15*l - 11*l - 2*j = 486. Let y = 180 - l. List the prime factors of y.
3, 19
Suppose 2*g = -0*g + 10. Suppose g*c = 16 - 246. What are the prime factors of (-24)/14*(c - -4)?
2, 3
Let d = 1618 + -1615. What are the prime factors of d?
3
Suppose -4*h = 5*n + 301 - 901, -3*h + 131 = n. List the prime factors of (n/8 - 3)*(-10)/(-1).
5, 23
Suppose 0 = 20*g - 0*g - 17560. List the prime factors of g.
2, 439
Suppose 5*t - 2*j + 311 = 0, t - 5*j = -9*j - 71. What are the prime factors of 14/t + 274/18?
3, 5
Suppose 3*y = 2*r - 507, -13*r + 9*r + 1026 = -2*y. What are the prime factors of r?
2, 3, 43
Suppose 4*m + w - 3150 = -w, 3*w = 4*m - 3135. What are the prime factors of m?
2, 3, 131
Suppose 4 - 12 = -3*s + 2*h, 5*s = 5*h + 10. Let f = s - 17. Let d = -11 - f. What are the prime factors of d?
2
Let k(g) = 18*g - 3. Let j(t) = 19*t - 4. Suppose 5*x - 4*c - 25 = 0, -3*x + 4*c + 15 = 8*c. Let r(s) = x*j(s) - 6*k(s). What are the prime factors of r(-3)?
37
Suppose 4*c = 0, -6325 = -0*h - 5*h - 4*c. What are the prime factors of h?
5, 11, 23